{"id":3491,"date":"2021-11-10T22:53:51","date_gmt":"2021-11-10T22:53:51","guid":{"rendered":"https:\/\/patiocanelas.com\/patiowp\/?page_id=3491"},"modified":"2022-08-13T11:48:35","modified_gmt":"2022-08-13T11:48:35","slug":"trips-coimbra-fr","status":"publish","type":"page","link":"https:\/\/patiocanelas.com\/patiowp\/fr\/trips-coimbra-fr\/","title":{"rendered":"Trips Coimbra FR"},"content":{"rendered":"\t\t<div data-elementor-type=\"wp-post\" data-elementor-id=\"3491\" class=\"elementor elementor-3491\" data-elementor-post-type=\"page\">\n\t\t\t\t\t\t<section class=\"elementor-section elementor-top-section elementor-element elementor-element-9f5afba elementor-section-full_width elementor-section-height-default elementor-section-height-default\" data-id=\"9f5afba\" data-element_type=\"section\">\n\t\t\t\t\t\t<div class=\"elementor-container elementor-column-gap-default\">\n\t\t\t\t\t<div class=\"elementor-column elementor-col-100 elementor-top-column elementor-element elementor-element-0b6cd5c\" data-id=\"0b6cd5c\" data-element_type=\"column\">\n\t\t\t<div class=\"elementor-widget-wrap elementor-element-populated\">\n\t\t\t\t\t\t<section class=\"elementor-section elementor-inner-section elementor-element elementor-element-5b08ec8 elementor-section-boxed elementor-section-height-default elementor-section-height-default\" data-id=\"5b08ec8\" data-element_type=\"section\">\n\t\t\t\t\t\t<div class=\"elementor-container elementor-column-gap-default\">\n\t\t\t\t\t<div class=\"elementor-column elementor-col-50 elementor-inner-column elementor-element elementor-element-905e5c6\" data-id=\"905e5c6\" data-element_type=\"column\">\n\t\t\t<div class=\"elementor-widget-wrap elementor-element-populated\">\n\t\t\t\t\t\t<div class=\"elementor-element elementor-element-0ca7ab3 elementor-widget elementor-widget-heading\" data-id=\"0ca7ab3\" data-element_type=\"widget\" data-widget_type=\"heading.default\">\n\t\t\t\t<div class=\"elementor-widget-container\">\n\t\t\t\t\t<h2 class=\"elementor-heading-title elementor-size-default\">Suggestions de promenades - COIMBRA<\/h2>\t\t\t\t<\/div>\n\t\t\t\t<\/div>\n\t\t\t\t<div class=\"elementor-element elementor-element-b1e3fdb elementor-widget elementor-widget-heading\" data-id=\"b1e3fdb\" data-element_type=\"widget\" data-widget_type=\"heading.default\">\n\t\t\t\t<div class=\"elementor-widget-container\">\n\t\t\t\t\t<h4 class=\"elementor-heading-title elementor-size-default\">Cliquez sur le coin sup\u00e9rieur droit de chaque carte pour voir la page compl\u00e8te<\/h4>\t\t\t\t<\/div>\n\t\t\t\t<\/div>\n\t\t\t\t\t<\/div>\n\t\t<\/div>\n\t\t\t\t<div class=\"elementor-column elementor-col-50 elementor-inner-column elementor-element elementor-element-03e2fd9\" data-id=\"03e2fd9\" data-element_type=\"column\">\n\t\t\t<div class=\"elementor-widget-wrap elementor-element-populated\">\n\t\t\t\t\t\t<div class=\"elementor-element elementor-element-2f224ed elementor-widget elementor-widget-image\" data-id=\"2f224ed\" data-element_type=\"widget\" data-widget_type=\"image.default\">\n\t\t\t\t<div class=\"elementor-widget-container\">\n\t\t\t\t\t\t\t\t\t\t\t\t<figure class=\"wp-caption\">\n\t\t\t\t\t\t\t\t\t\t\t<a href=\"https:\/\/patiocanelas.com\/patiowp\/fr\/trips-fr\/\">\n\t\t\t\t\t\t\t<img decoding=\"async\" src=\"https:\/\/patiocanelas.com\/patiowp\/wp-content\/uploads\/elementor\/thumbs\/mapa2-pfj4z3rq2gul8hovglai6fdcxmnhep573b91lq6gio.jpg\" title=\"mapa2\" alt=\"mapa2\" loading=\"lazy\" \/>\t\t\t\t\t\t\t\t<\/a>\n\t\t\t\t\t\t\t\t\t\t\t<figcaption class=\"widget-image-caption wp-caption-text\">Promenades<\/figcaption>\n\t\t\t\t\t\t\t\t\t\t<\/figure>\n\t\t\t\t\t\t\t\t\t<\/div>\n\t\t\t\t<\/div>\n\t\t\t\t\t<\/div>\n\t\t<\/div>\n\t\t\t\t\t<\/div>\n\t\t<\/section>\n\t\t\t\t\t<\/div>\n\t\t<\/div>\n\t\t\t\t\t<\/div>\n\t\t<\/section>\n\t\t\t\t<section class=\"elementor-section elementor-top-section elementor-element elementor-element-bd06faf elementor-section-boxed elementor-section-height-default elementor-section-height-default\" data-id=\"bd06faf\" data-element_type=\"section\">\n\t\t\t\t\t\t<div class=\"elementor-container elementor-column-gap-default\">\n\t\t\t\t\t<div class=\"elementor-column elementor-col-100 elementor-top-column elementor-element elementor-element-47e647d\" data-id=\"47e647d\" data-element_type=\"column\">\n\t\t\t<div class=\"elementor-widget-wrap\">\n\t\t\t\t\t\t\t<\/div>\n\t\t<\/div>\n\t\t\t\t\t<\/div>\n\t\t<\/section>\n\t\t\t\t<section class=\"elementor-section elementor-top-section elementor-element elementor-element-dbb2130 elementor-section-full_width elementor-section-height-default elementor-section-height-default\" data-id=\"dbb2130\" data-element_type=\"section\">\n\t\t\t\t\t\t<div class=\"elementor-container elementor-column-gap-default\">\n\t\t\t\t\t<div class=\"elementor-column elementor-col-100 elementor-top-column elementor-element elementor-element-3310cb3\" data-id=\"3310cb3\" data-element_type=\"column\">\n\t\t\t<div class=\"elementor-widget-wrap elementor-element-populated\">\n\t\t\t\t\t\t<section class=\"elementor-section elementor-inner-section elementor-element elementor-element-757f97b elementor-section-full_width elementor-section-height-default elementor-section-height-default\" data-id=\"757f97b\" data-element_type=\"section\">\n\t\t\t\t\t\t<div class=\"elementor-container elementor-column-gap-default\">\n\t\t\t\t\t<div class=\"elementor-column elementor-col-33 elementor-inner-column elementor-element elementor-element-80775c9\" data-id=\"80775c9\" data-element_type=\"column\">\n\t\t\t<div class=\"elementor-widget-wrap elementor-element-populated\">\n\t\t\t\t\t\t<div class=\"elementor-element elementor-element-5f65310 elementor-widget elementor-widget-image\" data-id=\"5f65310\" data-element_type=\"widget\" data-widget_type=\"image.default\">\n\t\t\t\t<div class=\"elementor-widget-container\">\n\t\t\t\t\t\t\t\t\t\t\t\t\t\t\t<img fetchpriority=\"high\" decoding=\"async\" width=\"1200\" height=\"800\" src=\"https:\/\/patiocanelas.com\/patiowp\/wp-content\/uploads\/2022\/06\/universidade-coimbra-1500x1000-1.jpeg\" class=\"attachment-large size-large wp-image-4185\" alt=\"\" srcset=\"https:\/\/patiocanelas.com\/patiowp\/wp-content\/uploads\/2022\/06\/universidade-coimbra-1500x1000-1.jpeg 1500w, https:\/\/patiocanelas.com\/patiowp\/wp-content\/uploads\/2022\/06\/universidade-coimbra-1500x1000-1-300x200.jpeg 300w, https:\/\/patiocanelas.com\/patiowp\/wp-content\/uploads\/2022\/06\/universidade-coimbra-1500x1000-1-768x512.jpeg 768w\" sizes=\"(max-width: 1200px) 100vw, 1200px\" \/>\t\t\t\t\t\t\t\t\t\t\t\t\t\t\t<\/div>\n\t\t\t\t<\/div>\n\t\t\t\t<div class=\"elementor-element elementor-element-088e4f9 elementor-widget elementor-widget-html\" data-id=\"088e4f9\" data-element_type=\"widget\" data-widget_type=\"html.default\">\n\t\t\t\t<div class=\"elementor-widget-container\">\n\t\t\t\t\t<p><iframe src=\"https:\/\/www.google.com\/maps\/d\/embed?mid=1rIrSH3Wg96p2JGZir7wA_OLofsWE1pCB\" width=\"300\" height=\"480\"><\/iframe><\/p>\t\t\t\t<\/div>\n\t\t\t\t<\/div>\n\t\t\t\t\t<\/div>\n\t\t<\/div>\n\t\t\t\t<div class=\"elementor-column elementor-col-33 elementor-inner-column elementor-element elementor-element-1bb193c\" data-id=\"1bb193c\" data-element_type=\"column\">\n\t\t\t<div class=\"elementor-widget-wrap elementor-element-populated\">\n\t\t\t\t\t\t<div class=\"elementor-element elementor-element-92b5a4b elementor-widget elementor-widget-text-editor\" data-id=\"92b5a4b\" data-element_type=\"widget\" data-widget_type=\"text-editor.default\">\n\t\t\t\t<div class=\"elementor-widget-container\">\n\t\t\t\t\t\t\t\t\t<h5>Universit\u00e9 de Coimbra<\/h5><p>Situ\u00e9e sur la partie haute de la ville et ayant comme sc\u00e9nario le Mondego, l\u2019Universit\u00e9 est un b\u00e2timent complexe construit autour d\u2019une cour centrale o\u00f9 certains \u00e9l\u00e9ments se distinguent par leur int\u00e9r\u00eat artistique et leur symbolisme.<\/p><p>Elle a \u00e9t\u00e9 fond\u00e9e en 1290 et est class\u00e9e comme Patrimoine Mondial.<\/p><h5>Mosteiro de Santa Ana<\/h5><p>Il nous invite \u00e0 (re) d\u00e9couvrir sur l\u2019histoire de cette ville ainsi que sur une des reines plus aim\u00e9e de l\u2019Histoire de Portugal: la reine Santa Isabel, princesse d\u2019 Arag\u00e3o.<\/p><h5>Portugal dos Pequenitos<\/h5><p>Ce parc th\u00e9matique est enti\u00e8rement d\u00e9di\u00e9 aux enfants et a \u00e9t\u00e9 construit en 1940.<\/p><p>On y trouve, en miniature, plusieurs types caract\u00e9ristiques de maisons portugaises et plusieurs monuments de notre patrimoine architectural.<\/p><p><span style=\"font-size: 16px;\">.<\/span><\/p>\t\t\t\t\t\t\t\t<\/div>\n\t\t\t\t<\/div>\n\t\t\t\t<div class=\"elementor-element elementor-element-0894920 elementor-widget elementor-widget-image\" data-id=\"0894920\" data-element_type=\"widget\" data-widget_type=\"image.default\">\n\t\t\t\t<div class=\"elementor-widget-container\">\n\t\t\t\t\t\t\t\t\t\t\t\t\t\t\t<img decoding=\"async\" width=\"768\" height=\"576\" src=\"https:\/\/patiocanelas.com\/patiowp\/wp-content\/uploads\/2022\/06\/PP-A-E\u0301poca-dos-Descobrimentos-no-Portugal-dos-Pequenitos-768x576.jpeg\" class=\"attachment-medium_large size-medium_large wp-image-4186\" alt=\"\" srcset=\"https:\/\/patiocanelas.com\/patiowp\/wp-content\/uploads\/2022\/06\/PP-A-E\u0301poca-dos-Descobrimentos-no-Portugal-dos-Pequenitos-768x576.jpeg 768w, https:\/\/patiocanelas.com\/patiowp\/wp-content\/uploads\/2022\/06\/PP-A-E\u0301poca-dos-Descobrimentos-no-Portugal-dos-Pequenitos-300x225.jpeg 300w, https:\/\/patiocanelas.com\/patiowp\/wp-content\/uploads\/2022\/06\/PP-A-E\u0301poca-dos-Descobrimentos-no-Portugal-dos-Pequenitos-1536x1152.jpeg 1536w, https:\/\/patiocanelas.com\/patiowp\/wp-content\/uploads\/2022\/06\/PP-A-E\u0301poca-dos-Descobrimentos-no-Portugal-dos-Pequenitos.jpeg 1600w\" sizes=\"(max-width: 768px) 100vw, 768px\" \/>\t\t\t\t\t\t\t\t\t\t\t\t\t\t\t<\/div>\n\t\t\t\t<\/div>\n\t\t\t\t\t<\/div>\n\t\t<\/div>\n\t\t\t\t<div class=\"elementor-column elementor-col-33 elementor-inner-column elementor-element elementor-element-12d77bc\" data-id=\"12d77bc\" data-element_type=\"column\">\n\t\t\t<div class=\"elementor-widget-wrap elementor-element-populated\">\n\t\t\t\t\t\t<div class=\"elementor-element elementor-element-3b2d9b2 elementor-widget elementor-widget-text-editor\" data-id=\"3b2d9b2\" data-element_type=\"widget\" data-widget_type=\"text-editor.default\">\n\t\t\t\t<div class=\"elementor-widget-container\">\n\t\t\t\t\t\t\t\t\t<h5>Luso (thermes) et Bu\u00e7aco<\/h5><p>Luso est une station thermale de la n\u00f4tre meilleure eau naturelle, avec plusieurs restaurants et h\u00f4tels, dont l\u2019un d\u2019eux (le Grande Hotel do Luso) a une tr\u00e8s grande piscine.<\/p><p>Bu\u00e7aco est une montagne avec une for\u00eat centenaire, avec la possibilit\u00e9 de faire de belles randonn\u00e9es. Au sommet de la colline se trouve un h\u00f4tel de luxe (Palace Hotel do Bussaco) datant du d\u00e9but du XXe si\u00e8cle.<\/p><h5>Con\u00edmbriga<\/h5><p>L\u2019un des plus riches sites arch\u00e9ologiques au Portugal, Con\u00edmbriga \u00e9tait \u00e0 l\u2019origine un castro \u00a0Celtic de la tribu de Conii de la fin de l\u2019 \u00e2ge du fer. Occup\u00e9 par les Romains \u00e0 partir de 139 avant JC et sa population totalement romanis\u00e9e, ce fut sous l\u2019empereur Auguste, II ap. J.-C. que la ville a connu sa splendeur, apr\u00e8s la construction \u00a0des bains publics et du forum, dont la reconstitution peut \u00eatre vue dans le mus\u00e9e.\u00a0<\/p>\t\t\t\t\t\t\t\t<\/div>\n\t\t\t\t<\/div>\n\t\t\t\t<div class=\"elementor-element elementor-element-3c0908e elementor-widget elementor-widget-image\" data-id=\"3c0908e\" data-element_type=\"widget\" data-widget_type=\"image.default\">\n\t\t\t\t<div class=\"elementor-widget-container\">\n\t\t\t\t\t\t\t\t\t\t\t\t\t\t\t<img decoding=\"async\" width=\"768\" height=\"512\" src=\"https:\/\/patiocanelas.com\/patiowp\/wp-content\/uploads\/2022\/06\/conimbriga-768x512.jpeg\" class=\"attachment-medium_large size-medium_large wp-image-4188\" alt=\"\" srcset=\"https:\/\/patiocanelas.com\/patiowp\/wp-content\/uploads\/2022\/06\/conimbriga-768x512.jpeg 768w, https:\/\/patiocanelas.com\/patiowp\/wp-content\/uploads\/2022\/06\/conimbriga-300x200.jpeg 300w, https:\/\/patiocanelas.com\/patiowp\/wp-content\/uploads\/2022\/06\/conimbriga-2048x1366.jpeg 2048w, https:\/\/patiocanelas.com\/patiowp\/wp-content\/uploads\/2022\/06\/conimbriga-1536x1024.jpeg 1536w\" sizes=\"(max-width: 768px) 100vw, 768px\" \/>\t\t\t\t\t\t\t\t\t\t\t\t\t\t\t<\/div>\n\t\t\t\t<\/div>\n\t\t\t\t\t<\/div>\n\t\t<\/div>\n\t\t\t\t\t<\/div>\n\t\t<\/section>\n\t\t\t\t\t<\/div>\n\t\t<\/div>\n\t\t\t\t\t<\/div>\n\t\t<\/section>\n\t\t\t\t<\/div>\n\t\t","protected":false},"excerpt":{"rendered":"<p>Suggestions de promenades &#8211; COIMBRA Cliquez sur le coin sup\u00e9rieur droit de chaque carte pour voir la page compl\u00e8te Promenades Universit\u00e9 de Coimbra Situ\u00e9e sur la partie haute de la ville et ayant comme sc\u00e9nario le Mondego, l\u2019Universit\u00e9 est un b\u00e2timent complexe construit autour d\u2019une cour centrale o\u00f9 certains \u00e9l\u00e9ments se distinguent par leur int\u00e9r\u00eat [&hellip;]<\/p>\n","protected":false},"author":1,"featured_media":0,"parent":0,"menu_order":0,"comment_status":"closed","ping_status":"closed","template":"","meta":{"site-sidebar-layout":"no-sidebar","site-content-layout":"page-builder","ast-site-content-layout":"default","site-content-style":"default","site-sidebar-style":"default","ast-global-header-display":"","ast-banner-title-visibility":"","ast-main-header-display":"","ast-hfb-above-header-display":"","ast-hfb-below-header-display":"","ast-hfb-mobile-header-display":"","site-post-title":"disabled","ast-breadcrumbs-content":"","ast-featured-img":"disabled","footer-sml-layout":"","theme-transparent-header-meta":"disabled","adv-header-id-meta":"","stick-header-meta":"","header-above-stick-meta":"","header-main-stick-meta":"","header-below-stick-meta":"","astra-migrate-meta-layouts":"default","ast-page-background-enabled":"default","ast-page-background-meta":{"desktop":{"background-color":"","background-image":"","background-repeat":"repeat","background-position":"center center","background-size":"auto","background-attachment":"scroll","background-type":"","background-media":"","overlay-type":"","overlay-color":"","overlay-opacity":"","overlay-gradient":""},"tablet":{"background-color":"","background-image":"","background-repeat":"repeat","background-position":"center center","background-size":"auto","background-attachment":"scroll","background-type":"","background-media":"","overlay-type":"","overlay-color":"","overlay-opacity":"","overlay-gradient":""},"mobile":{"background-color":"","background-image":"","background-repeat":"repeat","background-position":"center center","background-size":"auto","background-attachment":"scroll","background-type":"","background-media":"","overlay-type":"","overlay-color":"","overlay-opacity":"","overlay-gradient":""}},"ast-content-background-meta":{"desktop":{"background-color":"var(--ast-global-color-5)","background-image":"","background-repeat":"repeat","background-position":"center center","background-size":"auto","background-attachment":"scroll","background-type":"","background-media":"","overlay-type":"","overlay-color":"","overlay-opacity":"","overlay-gradient":""},"tablet":{"background-color":"var(--ast-global-color-5)","background-image":"","background-repeat":"repeat","background-position":"center center","background-size":"auto","background-attachment":"scroll","background-type":"","background-media":"","overlay-type":"","overlay-color":"","overlay-opacity":"","overlay-gradient":""},"mobile":{"background-color":"var(--ast-global-color-5)","background-image":"","background-repeat":"repeat","background-position":"center center","background-size":"auto","background-attachment":"scroll","background-type":"","background-media":"","overlay-type":"","overlay-color":"","overlay-opacity":"","overlay-gradient":""}},"ngg_post_thumbnail":0,"footnotes":""},"class_list":["post-3491","page","type-page","status-publish","hentry"],"_links":{"self":[{"href":"https:\/\/patiocanelas.com\/patiowp\/wp-json\/wp\/v2\/pages\/3491","targetHints":{"allow":["GET"]}}],"collection":[{"href":"https:\/\/patiocanelas.com\/patiowp\/wp-json\/wp\/v2\/pages"}],"about":[{"href":"https:\/\/patiocanelas.com\/patiowp\/wp-json\/wp\/v2\/types\/page"}],"author":[{"embeddable":true,"href":"https:\/\/patiocanelas.com\/patiowp\/wp-json\/wp\/v2\/users\/1"}],"replies":[{"embeddable":true,"href":"https:\/\/patiocanelas.com\/patiowp\/wp-json\/wp\/v2\/comments?post=3491"}],"version-history":[{"count":10,"href":"https:\/\/patiocanelas.com\/patiowp\/wp-json\/wp\/v2\/pages\/3491\/revisions"}],"predecessor-version":[{"id":4363,"href":"https:\/\/patiocanelas.com\/patiowp\/wp-json\/wp\/v2\/pages\/3491\/revisions\/4363"}],"wp:attachment":[{"href":"https:\/\/patiocanelas.com\/patiowp\/wp-json\/wp\/v2\/media?parent=3491"}],"curies":[{"name":"wp","href":"https:\/\/api.w.org\/{rel}","templated":true}]}}